5080 and 3160.
40
Calculate the highest common divisor of 92157 and 5004.
417
What is the greatest common divisor of 16908 and 21?
3
Calculate the greatest common factor of 31 and 19499.
31
What is the greatest common factor of 287 and 644?
7
Calculate the highest common divisor of 337322 and 2972.
1486
Calculate the greatest common factor of 168 and 47432.
56
Calculate the highest common divisor of 18 and 39834.
18
What is the highest common divisor of 368 and 21321?
23
What is the greatest common factor of 4243 and 1?
1
What is the highest common divisor of 72256 and 96?
32
What is the greatest common factor of 48352 and 96?
32
What is the greatest common divisor of 556015 and 305?
305
What is the greatest common divisor of 15543 and 628?
157
Calculate the highest common factor of 1159 and 183.
61
What is the highest common factor of 20 and 3886260?
20
Calculate the highest common factor of 40769 and 472.
59
Calculate the greatest common factor of 50416 and 1012.
92
What is the highest common divisor of 8023 and 1921?
113
Calculate the greatest common divisor of 439307 and 11.
11
Calculate the highest common factor of 5175 and 2300.
575
What is the highest common factor of 1500 and 203100?
300
What is the highest common factor of 1965999 and 1071?
357
What is the highest common factor of 160 and 43270?
10
Calculate the greatest common factor of 742570 and 40.
10
What is the highest common divisor of 198 and 149886?
198
Calculate the greatest common factor of 10204305 and 1095.
1095
What is the greatest common divisor of 28 and 93212?
28
What is the highest common divisor of 221 and 66859?
13
What is the highest common factor of 12179314 and 14?
14
What is the greatest common factor of 4845 and 20655?
255
What is the highest common divisor of 1532 and 1183087?
383
What is the greatest common factor of 2 and 25031?
1
Calculate the greatest common factor of 119695 and 481.
37
Calculate the greatest common factor of 1875 and 1425.
75
What is the greatest common divisor of 1401 and 2823482?
467
What is the greatest common divisor of 2548675 and 1940?
485
What is the highest common divisor of 4374 and 5958?
18
What is the highest common divisor of 568 and 776?
8
What is the highest common factor of 30 and 427035?
15
What is the greatest common factor of 4909224 and 86?
86
Calculate the highest common divisor of 75532 and 2463.
821
What is the highest common divisor of 2090 and 935?
55
What is the highest common divisor of 862140 and 24?
12
Calculate the highest common divisor of 25538 and 339.
113
What is the greatest common factor of 320 and 788?
4
What is the greatest common factor of 369399 and 708?
177
What is the greatest common divisor of 128286 and 1494?
18
What is the highest common factor of 364 and 336?
28
What is the highest common factor of 16 and 340552?
8
Calculate the greatest common divisor of 45217 and 412.
103
Calculate the highest common factor of 199332 and 47799.
1017
Calculate the greatest common divisor of 48 and 62208.
48
Calculate the highest common factor of 148 and 12506.
74
What is the greatest common divisor of 1274 and 224?
14
What is the highest common factor of 2249 and 639062?
173
Calculate the greatest common divisor of 11 and 1173.
1
What is the highest common factor of 23 and 4663?
1
Calculate the highest common factor of 27451 and 1415.
283
Calculate the highest common factor of 1240 and 86.
2
What is the highest common factor of 100 and 131050?
50
What is the highest common divisor of 28 and 84245?
7
What is the highest common factor of 4009 and 2321?
211
What is the greatest common factor of 10880 and 4040?
40
Calculate the highest common divisor of 642 and 28034.
214
What is the greatest common divisor of 2244 and 17986?
34
Calculate the highest common factor of 180486 and 18.
18
What is the greatest common divisor of 146 and 216?
2
What is the greatest common factor of 509267 and 6633?
737
Calculate the highest common divisor of 114 and 183.
3
What is the highest common factor of 2156 and 149688?
308
Calculate the greatest common factor of 72 and 2556.
36
Calculate the highest common factor of 10251 and 17889.
201
What is the highest common factor of 3192168 and 840?
168
Calculate the highest common factor of 920 and 63940.
460
Calculate the greatest common factor of 60 and 610360.
20
Calculate the highest common divisor of 1119 and 754579.
373
What is the highest common factor of 40 and 22210?
10
Calculate the greatest common factor of 483825 and 1050.
75
What is the highest common factor of 15390 and 1140?
570
What is the greatest common divisor of 2446 and 5793351?
1223
What is the highest common divisor of 112 and 839616?
16
Calculate the highest common divisor of 128 and 1816.
8
What is the highest common factor of 3408 and 20803?
71
Calculate the highest common divisor of 13 and 5011.
1
Calculate the greatest common factor of 285768 and 41553.
729
Calculate the greatest common factor of 200 and 126640.
40
Calculate the highest common factor of 15 and 55995.
15
What is the highest common divisor of 1173 and 73797?
51
What is the highest common divisor of 11975 and 479?
479
Calculate the greatest common divisor of 31356 and 8528.
52
Calculate the highest common divisor of 381125 and 50.
25
What is the highest common divisor of 118 and 999106?
118
What is the greatest common factor of 1017 and 2250?
9
What is the highest common factor of 140 and 14805?
35
What is the greatest common factor of 984 and 3348?
12
Calculate the greatest common divisor of 1965 and 135.
15
Calculate the greatest common divisor of 1698 and 401860.
566
What is the highest common divisor of 17 and 200821?
17
What is the greatest common factor of 170445 and 5?
5
Calculate the highest common factor of 106673 and 51107.
343
Calculate the highest common factor of 1442348 and 340.
68
What is the highest common divisor of 299 and 1391?
13
What is the highest common factor of 352 and 154528?
352
What is the highest common divisor of 988 and 20235?
19
What is the highest common divisor of 19629 and 405?
27
Calculate the highest common factor of 571536 and 1064.
56
What is the highest common divisor of 9042 and 3?
3
Calculate the highest common divisor of 7932 and 12.
12
Calculate the greatest common factor of 1100 and 539.
11
Calculate the greatest common divisor of 9777060 and 522.
522
What is the greatest common factor of 665280 and 704?
704
What is the greatest common factor of 1691 and 133?
19
What is the highest common divisor of 253 and 3887?
23
Calculate the highest common factor of 102598 and 258.
86
What is the highest common factor of 9408 and 10176?
192
Calculate the greatest common factor of 218187 and 27.
27
Calculate the greatest common factor of 7952 and 26838.
994
Calculate the highest common divisor of 450 and 14985.
45
What is the highest common divisor of 165302 and 2?
2
What is the highest common factor of 13 and 986180?
13
What is the greatest common divisor of 3933 and 75601?
437
What is the greatest common factor of 90 and 8406?
18
Calculate the highest common factor of 158 and 1029923.
79
What is the greatest common divisor of 15925962 and 1146?
1146
Calculate the greatest common divisor of 218 and 121426.
218
What is the greatest common factor of 402 and 172994?
134
What is the greatest common divisor of 6288 and 1488?
48
Calculate the highest common factor of 11286 and 85158.
1026
What is the highest common divisor of 1917 and 3573?
9
Calculate the highest common divisor of 68013 and 5643.
297
What is the greatest common factor of 1727239 and 5272?
659
Calculate the highest common factor of 51480 and 3696.
264
What is the greatest common factor of 192 and 5640?
24
Calculate the greatest common divisor of 493 and 191081.
29
Calculate the greatest common factor of 20864 and 1408.
128
What is the greatest common factor of 772 and 256?
4
What is the highest common factor of 30960 and 90?
90
What is the highest common factor of 8840 and 78?
26
Calculate the greatest common factor of 7412 and 68.
68
What is the highest common factor of 20 and 112160?
20
What is the greatest common factor of 156068 and 484?
44
What is the highest common factor of 4016194 and 182?
182
What is the highest common divisor of 3330 and 2